 7, 11
What are the prime factors of 29485?
5, 5897
What are the prime factors of 8?
2
List the prime factors of 4022.
2, 2011
What are the prime factors of 1446?
2, 3, 241
What are the prime factors of 304?
2, 19
What are the prime factors of 645?
3, 5, 43
List the prime factors of 5166.
2, 3, 7, 41
What are the prime factors of 734?
2, 367
List the prime factors of 43428.
2, 3, 7, 11, 47
What are the prime factors of 3877?
3877
List the prime factors of 77745.
3, 5, 71, 73
What are the prime factors of 14948?
2, 37, 101
List the prime factors of 134036.
2, 7, 4787
What are the prime factors of 1061?
1061
What are the prime factors of 494?
2, 13, 19
List the prime factors of 2449.
31, 79
List the prime factors of 235.
5, 47
What are the prime factors of 15947?
37, 431
What are the prime factors of 25825?
5, 1033
List the prime factors of 92505.
3, 5, 7, 881
What are the prime factors of 85?
5, 17
List the prime factors of 3646.
2, 1823
What are the prime factors of 26084?
2, 6521
List the prime factors of 64.
2
List the prime factors of 6475.
5, 7, 37
What are the prime factors of 84026?
2, 42013
What are the prime factors of 19103?
7, 2729
What are the prime factors of 1089?
3, 11
What are the prime factors of 29885?
5, 43, 139
List the prime factors of 7410.
2, 3, 5, 13, 19
What are the prime factors of 1463?
7, 11, 19
What are the prime factors of 891?
3, 11
List the prime factors of 556.
2, 139
List the prime factors of 1134.
2, 3, 7
List the prime factors of 41069.
7, 5867
What are the prime factors of 6425?
5, 257
List the prime factors of 1706.
2, 853
List the prime factors of 158.
2, 79
What are the prime factors of 2005?
5, 401
What are the prime factors of 6589?
11, 599
List the prime factors of 20980.
2, 5, 1049
List the prime factors of 8304.
2, 3, 173
List the prime factors of 1708.
2, 7, 61
List the prime factors of 1356.
2, 3, 113
List the prime factors of 2957.
2957
What are the prime factors of 104869?
104869
What are the prime factors of 177034?
2, 11, 13, 619
List the prime factors of 23075.
5, 13, 71
What are the prime factors of 3451?
7, 17, 29
What are the prime factors of 1660?
2, 5, 83
What are the prime factors of 263?
263
List the prime factors of 2965.
5, 593
What are the prime factors of 4089?
3, 29, 47
What are the prime factors of 37691?
37691
List the prime factors of 39541.
39541
List the prime factors of 101560.
2, 5, 2539
List the prime factors of 34349.
7, 701
List the prime factors of 27849.
3, 9283
List the prime factors of 6994.
2, 13, 269
List the prime factors of 22152.
2, 3, 13, 71
What are the prime factors of 131857?
11, 11987
What are the prime factors of 7145?
5, 1429
List the prime factors of 26653.
11, 2423
What are the prime factors of 115155?
3, 5, 853
What are the prime factors of 2018?
2, 1009
List the prime factors of 148.
2, 37
List the prime factors of 53.
53
List the prime factors of 1183.
7, 13
What are the prime factors of 786?
2, 3, 131
List the prime factors of 23453.
47, 499
List the prime factors of 17242.
2, 37, 233
List the prime factors of 18279.
3, 677
List the prime factors of 98669.
98669
List the prime factors of 20646.
2, 3, 31, 37
What are the prime factors of 16108?
2, 4027
What are the prime factors of 2802?
2, 3, 467
List the prime factors of 20562.
2, 3, 23, 149
What are the prime factors of 12160?
2, 5, 19
What are the prime factors of 12053?
17, 709
List the prime factors of 8129.
11, 739
List the prime factors of 1508.
2, 13, 29
What are the prime factors of 249?
3, 83
What are the prime factors of 4361?
7, 89
What are the prime factors of 243?
3
What are the prime factors of 103180?
2, 5, 7, 11, 67
What are the prime factors of 528?
2, 3, 11
What are the prime factors of 36021?
3, 12007
List the prime factors of 85118.
2, 11, 53, 73
List the prime factors of 1056.
2, 3, 11
What are the prime factors of 56306?
2, 47, 599
What are the prime factors of 10437?
3, 7, 71
List the prime factors of 11645.
5, 17, 137
What are the prime factors of 17421?
3, 5807
What are the prime factors of 2290?
2, 5, 229
List the prime factors of 859.
859
What are the prime factors of 2878?
2, 1439
List the prime factors of 3298.
2, 17, 97
What are the prime factors of 1076?
2, 269
List the prime factors of 2351.
2351
What are the prime factors of 310?
2, 5, 31
List the prime factors of 6522.
2, 3, 1087
List the prime factors of 35558.
2, 23, 773
What are the prime factors of 97?
97
List the prime factors of 3036.
2, 3, 11, 23
What are the prime factors of 5598?
2, 3, 311
What are the prime factors of 12687?
3, 4229
What are the prime factors of 3723?
3, 17, 73
What are the prime factors of 27611?
27611
List the prime factors of 3743.
19, 197
List the prime factors of 916.
2, 229
List the prime factors of 20393.
20393
What are the prime factors of 1612?
2, 13, 31
List the prime factors of 3061.
3061
List the prime factors of 23843.
113, 211
List the prime factors of 203.
7, 29
List the prime factors of 250.
2, 5
List the prime factors of 10318.
2, 7, 11, 67
List the prime factors of 68009.
47, 1447
List the prime factors of 50831.
11, 4621
List the prime factors of 197627.
229, 863
List the prime factors of 54219.
3, 11, 31, 53
List the prime factors of 189.
3, 7
List the prime factors of 18937.
29, 653
List the prime factors of 597.
3, 199
List the prime factors of 2099.
2099
List the prime factors of 18540.
2, 3, 5, 103
List the prime factors of 21057.
3, 7019
What are the prime factors of 480?
2, 3, 5
What are the prime factors of 4199?
13, 17, 19
List the prime factors of 26997.
3, 8999
What are the prime factors of 43782?
2, 3, 7297
What are the prime factors of 4411?
11, 401
List the prime factors of 3798.
2, 3, 211
List the prime factors of 62271.
3, 11, 17, 37
List the prime factors of 1843.
19, 97
List the prime factors of 881.
881
List the prime factors of 18917.
18917
List the prime factors of 6953.
17, 409
What are the prime factors of 1599?
3, 13, 41
List the prime factors of 21701.
21701
What are the prime factors of 1539?
3, 19
What are the prime factors of 4848?
2, 3, 101
What are the prime factors of 883?
883
List the prime factors of 6303.
3, 11, 191
What are the prime factors of 1810?
2, 5, 181
List the prime factors of 6118.
2, 7, 19, 23
What are the prime factors of 185446?
2, 92723
What are the prime factors of 20420?
2, 5, 1021
What are the prime factors of 7658?
2, 7, 547
What are the prime factors of 624?
2, 3, 13
What are the prime factors of 17561?
17, 1033
List the prime factors of 30808.
2, 3851
List the prime factors of 14339.
13, 1103
What are the prime factors of 6905?
5, 1381
List the prime factors of 4713.
3, 1571
List the prime factors of 52203.
3, 17401
What are the prime factors of 2389?
2389
List the prime factors of 4122.
2, 3, 229
List the prime factors of 20057.
31, 647
List the prime factors of 650.
2, 5, 13
What are the prime factors of 5713?
29, 197
What are the prime factors of 13352?
2, 1669
What are the prime factors of 4989?
3, 1663
List the prime factors of 152636.
2, 11, 3469
List the prime factors of 6769.
7, 967
List the prime factors of 203.
7, 29
List the prime factors of 136682.
2, 7, 13, 751
List the prime factors of 6148.
2, 29, 53
What are the prime factors of 90867?
3, 7, 4327
List the prime factors of 87881.
87881
What are the prime factors of 4289?
4289
What are the prime factors of 72694?
2, 19, 1913
List the prime factors of 160.
2, 5
What are the prime factors of 304?
2, 19
What are the prime factors of 1133?
11, 103
List the prime factors of 94301.
181, 521
What are the prime factors of 9273?
3, 11, 281
List the prime factors of 2074.
2, 17, 61
What are the prime factors of 18384?
2, 3, 383
What are the prime factors of 9310?
2, 5, 7, 19
List the prime factors of 1293.
3, 431
List the prime factors of 4552.
2, 569
List the prime factors of 282.
2, 3, 47
What are the prime factors of 20566?
2, 7, 13, 113
What are the prime factors of 140184?
2, 3, 11, 59
List the prime factors of 72337.
72337
What are the prime factors of 49574?
2, 7, 3541
List the prime factors of 400.
2, 5
What are the prime factors of 28328?
2, 3541
List the prime factors of 2239.
2239
What are the prime factors of 6070?
2, 5, 607
List the prime factor